f5
In base 8, what is -4 - 6611152?
-6611156
In base 11, what is 3477392 - -4?
3477396
In base 16, what is 5 + -76618?
-76613
In base 4, what is 3 + 11012333001?
11012333010
In base 14, what is -538697 - -11?
-538686
In base 15, what is 385885 + -8?
38587c
In base 7, what is -210632 - 33406?
-244341
In base 4, what is 10 + 13313211020?
13313211030
In base 8, what is 3630135 + 10?
3630145
In base 6, what is 301420241 - 4?
301420233
In base 13, what is 14 - -10a2617?
10a262b
In base 11, what is -36960a32 - -18?
-36960a15
In base 15, what is -89d - 2792?
-3140
In base 15, what is 1b979 + 141?
1baba
In base 15, what is 5 - -55840?
55845
In base 7, what is -3430314534 - 4?
-3430314541
In base 15, what is -13e27a9 - 0?
-13e27a9
In base 6, what is -2 + 13143220051?
13143220045
In base 3, what is -120002120022202 - 10?
-120002120022212
In base 12, what is -6626a344 - -2?
-6626a342
In base 5, what is -11214104144 - 2?
-11214104201
In base 13, what is -8 - -9b90ba?
9b90b2
In base 15, what is 2c5 - -2426?
26eb
In base 15, what is -136d - 3d1?
-174e
In base 10, what is -38624940 + -3?
-38624943
In base 14, what is -39cc5 + 45?
-39c80
In base 12, what is 18 - -1b7b70?
1b7b88
In base 10, what is -6 - -33553121?
33553115
In base 8, what is 2576720 + -101?
2576617
In base 12, what is 103a - -209523?
20a561
In base 9, what is 24343 - -3747?
28201
In base 9, what is -2782 - -766361?
763468
In base 4, what is 11322221 - 102?
11322113
In base 8, what is -35402 + 112?
-35270
In base 2, what is 100010100000 - 1111100010?
10010111110
In base 8, what is -12034053 + -5?
-12034060
In base 7, what is -32502215 - -253?
-32501632
In base 5, what is -13344124102 - -3?
-13344124044
In base 9, what is 17281065 + 1?
17281066
In base 11, what is 9 + a23235?
a23243
In base 10, what is 29399169 - -4?
29399173
In base 2, what is 1001 + -11010111011111001?
-11010111011110000
In base 15, what is -8 - -333509?
333501
In base 15, what is 1be88db2 + 2?
1be88db4
In base 11, what is 120223704 - -3?
120223707
In base 16, what is -bd - -33eca?
33e0d
In base 7, what is -16564300 - 52?
-16564352
In base 2, what is 10011100 + 1111001000101110110111?
1111001000110001010011
In base 7, what is -2014 + -1501445?
-1503462
In base 16, what is 20 - -61dd1?
61df1
In base 9, what is 331085 - 184?
330801
In base 9, what is -1053040 + 553?
-1052376
In base 13, what is 11342b8 - -10?
11342c8
In base 15, what is -62d + -399?
-9c7
In base 8, what is -14022540 - 17?
-14022557
In base 3, what is 20 - -11210102010100211?
11210102010101001
In base 3, what is 22102022210 - 20011?
22102002122
In base 3, what is -1122 + 1100201022122221?
1100201022121022
In base 14, what is -35 + 44098?
44063
In base 6, what is 111241305 - 1?
111241304
In base 2, what is 10010 + -10000000111001010001?
-10000000111000111111
In base 8, what is 7 - 743446?
-743437
In base 11, what is -442572a - 5?
-4425734
In base 3, what is -2000102020 + 200?
-2000101120
In base 10, what is -21 - -7183635?
7183614
In base 6, what is -34 - 231152?
-231230
In base 12, what is 18 - -295a1b?
295a37
In base 10, what is 63587 - -854?
64441
In base 16, what is d4 - -497c?
4a50
In base 13, what is 4044568 + 33?
404459b
In base 12, what is 28b0859 + 1?
28b085a
In base 14, what is -2cd4 + -60?
-2d54
In base 7, what is 64 - 2141622?
-2141525
In base 16, what is -2b6c47 + -6?
-2b6c4d
In base 4, what is 1030303 - 22332203?
-21301300
In base 3, what is -11120 + -121020022000?
-121020110120
In base 8, what is 1143 - -20557?
21722
In base 8, what is -3214 - -6674?
3460
In base 8, what is 123 + -25331605?
-25331462
In base 11, what is -1998975 - -9?
-1998967
In base 15, what is 1 - eec200?
-eec1ee
In base 3, what is 2121001022021000 - 121?
2121001022020102
In base 9, what is -5414024 - -12?
-5414012
In base 8, what is 17 - 2343637?
-2343620
In base 7, what is 13056 + 150256?
163345
In base 14, what is 8 - 1a8613?
-1a8609
In base 4, what is 3122032312 + 3132?
3122102110
In base 5, what is -310111410 - -10421?
-310100434
In base 16, what is 1fca + ed?
20b7
In base 9, what is -827585 + -20?
-827615
In base 8, what is 746407 + -14?
746373
In base 11, what is 73aa - -34553?
40952
In base 8, what is 174127 + 106?
174235
In base 7, what is 2 + 31350320?
31350322
In base 8, what is 3 + -542464420?
-542464415
In base 16, what is -23290f - 2?
-232911
In base 2, what is 100 - 110110000111111100?
-110110000111111000
In base 15, what is eb + 5159d?
51699
In base 10, what is 3 + -243593069?
-243593066
In base 7, what is 120156 + -162211?
-42022
In base 8, what is -147701470 - -1?
-147701467
In base 15, what is 5856 - -15c1b?
1b572
In base 12, what is -643b - ab3?
-7332
In base 7, what is 1 - 5605513325?
-5605513324
In base 13, what is -b69309 - 9?
-b69315
In base 2, what is 110000100001110 - 11111111?
110000000001111
In base 7, what is 6452632 - -56?
6453021
In base 5, what is 340 + -3443232?
-3442342
In base 14, what is -2c - 10ab842?
-10ab870
In base 11, what is 20019282 - 0?
20019282
In base 2, what is 1111111010111101110001 - -10?
1111111010111101110011
In base 15, what is 21 - -10741?
10762
In base 9, what is 4 + 182633?
182637
In base 7, what is 5262 - -50263?
55555
In base 5, what is -2424110023 - -123?
-2424104400
In base 12, what is -34b + -15a78?
-16207
In base 11, what is -6043456 + 4?
-6043452
In base 2, what is -100111000011101111 - 0?
-100111000011101111
In base 11, what is -5217294 - 5?
-5217299
In base 9, what is 18057 - -203?
18261
In base 10, what is -19 + 15285?
15266
In base 13, what is 9 + 21560b?
215617
In base 4, what is -1113 + -102021311322?
-102021313101
In base 10, what is 1518 + 3737?
5255
In base 10, what is 2799 - 2817?
-18
In base 3, what is -1210102 + 210111120?
201201011
In base 13, what is 628 - -b44?
146c
In base 3, what is 122110 - -1012212201?
1020112011
In base 15, what is -6 - -19681cd?
19681c7
In base 7, what is 3333334445 + 4?
3333334452
In base 6, what is -1124254035 + -1?
-1124254040
In base 12, what is -84ab991 + -6?
-84ab997
In base 16, what is 3 - 41c1dc?
-41c1d9
In base 14, what is 8 + abc33?
abc3b
In base 7, what is 16 + -15060565?
-15060546
In base 8, what is 7 + 152135373?
152135402
In base 15, what is -a89abe - 5?
-a89ac4
In base 9, what is 328 - -551587?
552026
In base 14, what is -22 - 92c02?
-92c24
In base 3, what is -1 + -1000020200021?
-1000020200022
In base 15, what is 4 - 82e7c6?
-82e7c2
In base 4, what is -10320301013 + 130?
-10320300223
In base 7, what is 33123335 - 254?
33123051
In base 14, what is 193 - 55285?
-550d2
In base 8, what is -16202407 + 0?
-16202407
In base 13, what is 2 + -15a380a?
-15a3808
In base 16, what is -56e243 + -5?
-56e248
In base 14, what is -88ccd - -21?
-88cac
In base 10, what is -135817 + -6887?
-142704
In base 9, what is -4 - -225313427?
225313423
In base 14, what is -1d05 - -4ba?
-1829
In base 16, what is -320 - 3c864?
-3cb84
In base 11, what is 23a372 + 74?
23a436
In base 7, what is 54421 + -1510?
52611
In base 16, what is 7d + 1b3d9?
1b456
In base 6, what is -10202422050 - -5?
-10202422041
In base 2, what is 111000111100 + -101110101111100?
-100111101000000
In base 2, what is 110000111 + 111001000010001?
111001110011000
In base 6, what is 114323 + 120204?
234531
In base 7, what is -4 + -2663665120?
-2663665124
In base 7, what is 2511110 - 3110?
2505000
In base 9, what is -12772006 + -2?
-12772008
In base 6, what is 35402342441 - 0?
35402342441
In base 9, what is -122763706 + -4?
-122763711
In base 6, what is -1 + 10343031434?
10343031433
In base 15, what is -5de30e + e?
-5de300
In base 10, what is -4 + -172028328?
-172028332
In base 6, what is -1340 - 13213352?
-13215132
In base 15, what is -1a - c71a2?
-c71bc
In base 9, what is 12284 - 77678?
-65384
In base 7, what is -4322320 + -220?
-4322540
In base 10, what is -4 + -30948180?
-30948184
In base 14, what is -1 - 3678c53?
-3678c54
In base 12, what is -a269 - -aa?
-a17b
In base 6, what is 220050 + 4325?
224415
In base 13, what is -322 + -c064?
-c386
In base 11, what is 2521272 - -5?
2521277
In base 8, what is -505 + 1357202?
1356475
In base 4, what is 1223100 - -30112?
1313212
In base 2, what is 1000100101010001 - -101011011?
1000101010101100
In base 13, what is -358366 + -85?
-35841b
In base 9, what is 21134523 + 7?
21134531
In base